{"id":35,"date":"2017-06-15T10:54:56","date_gmt":"2017-06-15T08:54:56","guid":{"rendered":"https:\/\/www.leben-atmen.com\/sueditalien\/?page_id=35"},"modified":"2017-07-04T21:27:57","modified_gmt":"2017-07-04T19:27:57","slug":"iphone-ipad-app","status":"publish","type":"page","link":"https:\/\/www.leben-atmen.com\/sueditalien\/iphone-ipad-app\/","title":{"rendered":"iPhone-\/iPad-App"},"content":{"rendered":"<div class=\"\">\u00a0Zum Installieren der App bitte auf folgendes Icon klicken:<\/div>\n<div class=\"\"><\/div>\n<div class=\"\"><a href=\"https:\/\/itunes.apple.com\/de\/app\/leben-atmen-s%C3%BCditalien\/id1248233859?mt=8\"><img loading=\"lazy\" decoding=\"async\" class=\"alignnone\" src=\"https:\/\/www.leben-atmen.com\/wp-content\/blogs.dir\/10\/files\/2017\/06\/255bce2b102220f3782c197f35630f04.png\" alt=\"\" width=\"490\" height=\"480\" \/><\/a><\/div>\n<div class=\"\"><\/div>\n<div class=\"\">Sei\u00a0bei dieser spannenden Tour dabei! Per Gratis-App \u201eleben atmen italien\u201c f\u00fcr iPhone, iPad und Apple Watch k\u00f6nnt Ihr das lustige Duo\u00a0verfolgen und sie \u00fcber Kommentare im Blog oder Motivationsicons per Apple Watch motivieren.<\/div>\n<div class=\"\">Wer kein iPhone oder iPad besitzt, der genie\u00dft die Live-Tour hier \u00fcber diese Homepage:<\/div>\n<div class=\"\"><a href=\"https:\/\/www.leben-atmen.com\/italien\/\">https:\/\/www.leben-atmen.com\/italien\/<\/a>.<\/div>\n<div class=\"\"><\/div>\n<div class=\"\">Funktionen der\u00a0kostenlosen App:<\/div>\n<div class=\"\"><\/div>\n<div class=\"\">\u2022 Tats\u00e4chliche Tourdaten (rot)<\/div>\n<div class=\"\">\u2022 t\u00e4glicher Tourenbericht mit H\u00f6henprofil (km, Std., H\u00f6henmeter, etc.)<\/div>\n<div class=\"\">\u2022 \u00dcbersichtskarte in verschiedenen Darstellungen (Karte, Satellit, Hybrid)<\/div>\n<div class=\"\">\u2022 Anzeige der bislang gefahrenen Streckenl\u00e4nge<\/div>\n<div class=\"\">\u2022 aktuelle Beitr\u00e4ge von Simone und Anton Ochsenk\u00fchn in Wort, Bild und Video<\/div>\n<div class=\"\">\u2022 t\u00e4gliche Top-Fotos und eine umfassende Gesamt-Bildergalerie<\/div>\n<div class=\"\">\u2022 Kommentarfunktion f\u00fcr jeden Zuschauer\/in ohne Anmeldung direkt in der App; Bewertung jedes Beitrages mit einer Anzahl von Sternen<\/div>\n<div class=\"\">\u2022 Pushfunktion &#8211; direkte Information \u00fcber neue Eintr\u00e4ge unmittelbar auf Ihr iPhone \/ iPad<\/div>\n<div class=\"\">\u2022 t\u00e4gliche Aktivit\u00e4tsdaten mit durchschnittlicher Pulsfrequenz, Kalorienverbrauch, Durchschnittsgeschwindigkeit, Gesamtdauer der Aktivit\u00e4t<\/div>\n<div class=\"\"><\/div>\n<div class=\"\"><\/div>\n<div class=\"\"><\/div>\n<div class=\"\">Viel Spa\u00df w\u00fcnschen Simone und Anton Ochsenk\u00fchn und der\u00a0amac-buch Verlag<\/div>\n","protected":false},"excerpt":{"rendered":"<p>\u00a0Zum Installieren der App bitte auf folgendes Icon klicken: Sei\u00a0bei dieser spannenden Tour dabei! Per Gratis-App \u201eleben atmen italien\u201c f\u00fcr iPhone, iPad und Apple Watch k\u00f6nnt Ihr das lustige Duo\u00a0verfolgen und sie \u00fcber Kommentare im Blog oder Motivationsicons per Apple &hellip; <a href=\"https:\/\/www.leben-atmen.com\/sueditalien\/iphone-ipad-app\/\">Weiterlesen <span class=\"meta-nav\">&rarr;<\/span><\/a><\/p>\n","protected":false},"author":3,"featured_media":0,"parent":0,"menu_order":0,"comment_status":"closed","ping_status":"closed","template":"","meta":{"footnotes":""},"class_list":["post-35","page","type-page","status-publish","hentry"],"jetpack_sharing_enabled":true,"_links":{"self":[{"href":"https:\/\/www.leben-atmen.com\/sueditalien\/wp-json\/wp\/v2\/pages\/35","targetHints":{"allow":["GET"]}}],"collection":[{"href":"https:\/\/www.leben-atmen.com\/sueditalien\/wp-json\/wp\/v2\/pages"}],"about":[{"href":"https:\/\/www.leben-atmen.com\/sueditalien\/wp-json\/wp\/v2\/types\/page"}],"author":[{"embeddable":true,"href":"https:\/\/www.leben-atmen.com\/sueditalien\/wp-json\/wp\/v2\/users\/3"}],"replies":[{"embeddable":true,"href":"https:\/\/www.leben-atmen.com\/sueditalien\/wp-json\/wp\/v2\/comments?post=35"}],"version-history":[{"count":4,"href":"https:\/\/www.leben-atmen.com\/sueditalien\/wp-json\/wp\/v2\/pages\/35\/revisions"}],"predecessor-version":[{"id":36,"href":"https:\/\/www.leben-atmen.com\/sueditalien\/wp-json\/wp\/v2\/pages\/35\/revisions\/36"}],"wp:attachment":[{"href":"https:\/\/www.leben-atmen.com\/sueditalien\/wp-json\/wp\/v2\/media?parent=35"}],"curies":[{"name":"wp","href":"https:\/\/api.w.org\/{rel}","templated":true}]}}

<div class=""> Zum Installieren der App bitte auf folgendes Icon klicken:</div>
<div class=""></div>
<div class=""><a href="https://itunes.apple.com/de/app/leben-atmen-s%C3%BCditalien/id1248233859?mt=8"><img loading="lazy" decoding="async" class="alignnone" src="https://www.leben-atmen.com/wp-content/blogs.dir/10/files/2017/06/255bce2b102220f3782c197f35630f04.png" alt="" width="490" height="480" /></a></div>
<div class=""></div>
<div class="">Sei bei dieser spannenden Tour dabei! Per Gratis-App „leben atmen italien“ für iPhone, iPad und Apple Watch könnt Ihr das lustige Duo verfolgen und sie über Kommentare im Blog oder Motivationsicons per Apple Watch motivieren.</div>
<div class="">Wer kein iPhone oder iPad besitzt, der genießt die Live-Tour hier über diese Homepage:</div>
<div class=""><a href="https://www.leben-atmen.com/italien/">https://www.leben-atmen.com/italien/</a>.</div>
<div class=""></div>
<div class="">Funktionen der kostenlosen App:</div>
<div class=""></div>
<div class="">• Tatsächliche Tourdaten (rot)</div>
<div class="">• täglicher Tourenbericht mit Höhenprofil (km, Std., Höhenmeter, etc.)</div>
<div class="">• Übersichtskarte in verschiedenen Darstellungen (Karte, Satellit, Hybrid)</div>
<div class="">• Anzeige der bislang gefahrenen Streckenlänge</div>
<div class="">• aktuelle Beiträge von Simone und Anton Ochsenkühn in Wort, Bild und Video</div>
<div class="">• tägliche Top-Fotos und eine umfassende Gesamt-Bildergalerie</div>
<div class="">• Kommentarfunktion für jeden Zuschauer/in ohne Anmeldung direkt in der App; Bewertung jedes Beitrages mit einer Anzahl von Sternen</div>
<div class="">• Pushfunktion &#8211; direkte Information über neue Einträge unmittelbar auf Ihr iPhone / iPad</div>
<div class="">• tägliche Aktivitätsdaten mit durchschnittlicher Pulsfrequenz, Kalorienverbrauch, Durchschnittsgeschwindigkeit, Gesamtdauer der Aktivität</div>
<div class=""></div>
<div class=""></div>
<div class=""></div>
<div class="">Viel Spaß wünschen Simone und Anton Ochsenkühn und der amac-buch Verlag</div>

<p> Zum Installieren der App bitte auf folgendes Icon klicken: Sei bei dieser spannenden Tour dabei! Per Gratis-App „leben atmen italien“ für iPhone, iPad und Apple Watch könnt Ihr das lustige Duo verfolgen und sie über Kommentare im Blog oder Motivationsicons per Apple &hellip; <a href="https://www.leben-atmen.com/sueditalien/iphone-ipad-app/">Weiterlesen <span class="meta-nav">&rarr;</span></a></p>
