{"id":30,"date":"2017-06-15T10:52:29","date_gmt":"2017-06-15T08:52:29","guid":{"rendered":"https:\/\/www.leben-atmen.com\/sueditalien\/?page_id=30"},"modified":"2017-06-15T10:53:24","modified_gmt":"2017-06-15T08:53:24","slug":"bildergalerie","status":"publish","type":"page","link":"https:\/\/www.leben-atmen.com\/sueditalien\/bildergalerie\/","title":{"rendered":"Bildergalerie"},"content":{"rendered":"<p>Die besten Bilder der Reise sind hier \u00fcber die Webseite von\u00a0<a href=\"https:\/\/www.flickr.com\/photos\/amac-buch\/albums\/72157684942511866\" target=\"_blank\" rel=\"noopener noreferrer\">flickr<\/a>\u00a0f\u00fcr Jedermann zug\u00e4nglich<\/p>\n<p>Wir w\u00fcnschen viel Freude beim Ansehen und Genie\u00dfen.<\/p>\n<p><a title=\"Nobby goes home - amac-buch Verlag mit Pferd und Drahtesel unterwegs - 2016\" href=\"https:\/\/www.flickr.com\/photos\/amac-buch\/albums\/72157684942511866\" target=\"_blank\" rel=\"noopener noreferrer\"><img loading=\"lazy\" decoding=\"async\" class=\"alignnone\" src=\"https:\/\/www.leben-atmen.com\/wp-content\/blogs.dir\/6\/files\/2015\/06\/flickr-logo-2012.png.v1.png\" alt=\"\" width=\"144\" height=\"22\" \/><\/a><\/p>\n","protected":false},"excerpt":{"rendered":"<p>Die besten Bilder der Reise sind hier \u00fcber die Webseite von\u00a0flickr\u00a0f\u00fcr Jedermann zug\u00e4nglich Wir w\u00fcnschen viel Freude beim Ansehen und Genie\u00dfen.<\/p>\n","protected":false},"author":3,"featured_media":0,"parent":0,"menu_order":0,"comment_status":"closed","ping_status":"closed","template":"","meta":{"footnotes":""},"class_list":["post-30","page","type-page","status-publish","hentry"],"jetpack_sharing_enabled":true,"_links":{"self":[{"href":"https:\/\/www.leben-atmen.com\/sueditalien\/wp-json\/wp\/v2\/pages\/30","targetHints":{"allow":["GET"]}}],"collection":[{"href":"https:\/\/www.leben-atmen.com\/sueditalien\/wp-json\/wp\/v2\/pages"}],"about":[{"href":"https:\/\/www.leben-atmen.com\/sueditalien\/wp-json\/wp\/v2\/types\/page"}],"author":[{"embeddable":true,"href":"https:\/\/www.leben-atmen.com\/sueditalien\/wp-json\/wp\/v2\/users\/3"}],"replies":[{"embeddable":true,"href":"https:\/\/www.leben-atmen.com\/sueditalien\/wp-json\/wp\/v2\/comments?post=30"}],"version-history":[{"count":2,"href":"https:\/\/www.leben-atmen.com\/sueditalien\/wp-json\/wp\/v2\/pages\/30\/revisions"}],"predecessor-version":[{"id":31,"href":"https:\/\/www.leben-atmen.com\/sueditalien\/wp-json\/wp\/v2\/pages\/30\/revisions\/31"}],"wp:attachment":[{"href":"https:\/\/www.leben-atmen.com\/sueditalien\/wp-json\/wp\/v2\/media?parent=30"}],"curies":[{"name":"wp","href":"https:\/\/api.w.org\/{rel}","templated":true}]}}