{"id":38,"date":"2013-04-26T14:35:39","date_gmt":"2013-04-26T14:35:39","guid":{"rendered":"https:\/\/www.leben-atmen.com\/palermo\/?page_id=38"},"modified":"2013-05-04T15:54:58","modified_gmt":"2013-05-04T15:54:58","slug":"bildergalerie","status":"publish","type":"page","link":"https:\/\/www.leben-atmen.com\/palermo\/bildergalerie\/","title":{"rendered":"Bildergalerie"},"content":{"rendered":"<p>Die besten Bilder der Reise sind hier \u00fcber die<a title=\"Bilder Obergriesbach-Palermo 2013\" href=\"http:\/\/www.flickr.com\/photos\/78563425@N04\/sets\/72157633396169256\/\" target=\"_blank\">\u00a0\u00a0Webseite von flickr\u00a0<\/a>f\u00fcr Jedermann zug\u00e4nglich<\/p>\n<p>Wir w\u00fcnschen viel Freude beim Ansehen und Genie\u00dfen.<\/p>\n<p>&nbsp;<\/p>\n<p><a title=\"Obg_Palermo_2013\" href=\"http:\/\/www.flickr.com\/photos\/78563425@N04\/sets\/72157633396169256\/\" target=\"_blank\"><img decoding=\"async\" class=\"alignnone size-full\" alt=\"\" src=\"https:\/\/www.leben-atmen.com\/wp-content\/blogs.dir\/4\/files\/2013\/04\/flickr-logo-2012.png.v1.png\" \/><\/a><\/p>\n","protected":false},"excerpt":{"rendered":"<p>Die besten Bilder der Reise sind hier \u00fcber die\u00a0\u00a0Webseite von flickr\u00a0f\u00fcr Jedermann zug\u00e4nglich Wir w\u00fcnschen viel Freude beim Ansehen und Genie\u00dfen. &nbsp;<\/p>\n","protected":false},"author":3,"featured_media":0,"parent":0,"menu_order":4,"comment_status":"open","ping_status":"open","template":"","meta":{"footnotes":""},"class_list":["post-38","page","type-page","status-publish","hentry"],"jetpack_sharing_enabled":true,"_links":{"self":[{"href":"https:\/\/www.leben-atmen.com\/palermo\/wp-json\/wp\/v2\/pages\/38","targetHints":{"allow":["GET"]}}],"collection":[{"href":"https:\/\/www.leben-atmen.com\/palermo\/wp-json\/wp\/v2\/pages"}],"about":[{"href":"https:\/\/www.leben-atmen.com\/palermo\/wp-json\/wp\/v2\/types\/page"}],"author":[{"embeddable":true,"href":"https:\/\/www.leben-atmen.com\/palermo\/wp-json\/wp\/v2\/users\/3"}],"replies":[{"embeddable":true,"href":"https:\/\/www.leben-atmen.com\/palermo\/wp-json\/wp\/v2\/comments?post=38"}],"version-history":[{"count":5,"href":"https:\/\/www.leben-atmen.com\/palermo\/wp-json\/wp\/v2\/pages\/38\/revisions"}],"predecessor-version":[{"id":44,"href":"https:\/\/www.leben-atmen.com\/palermo\/wp-json\/wp\/v2\/pages\/38\/revisions\/44"}],"wp:attachment":[{"href":"https:\/\/www.leben-atmen.com\/palermo\/wp-json\/wp\/v2\/media?parent=38"}],"curies":[{"name":"wp","href":"https:\/\/api.w.org\/{rel}","templated":true}]}}

<p>Die besten Bilder der Reise sind hier über die<a title="Bilder Obergriesbach-Palermo 2013" href="http://www.flickr.com/photos/78563425@N04/sets/72157633396169256/" target="_blank">  Webseite von flickr </a>für Jedermann zugänglich</p>
<p>Wir wünschen viel Freude beim Ansehen und Genießen.</p>
<p>&nbsp;</p>
<p><a title="Obg_Palermo_2013" href="http://www.flickr.com/photos/78563425@N04/sets/72157633396169256/" target="_blank"><img decoding="async" class="alignnone size-full" alt="" src="https://www.leben-atmen.com/wp-content/blogs.dir/4/files/2013/04/flickr-logo-2012.png.v1.png" /></a></p>

<p>Die besten Bilder der Reise sind hier über die  Webseite von flickr für Jedermann zugänglich Wir wünschen viel Freude beim Ansehen und Genießen. &nbsp;</p>
