{"id":7188,"date":"2021-07-09T14:05:36","date_gmt":"2021-07-09T12:05:36","guid":{"rendered":"https:\/\/www.leben-atmen.com\/leben-atmen-wp\/?page_id=7188"},"modified":"2022-01-05T15:15:57","modified_gmt":"2022-01-05T14:15:57","slug":"radtour2021","status":"publish","type":"page","link":"https:\/\/www.leben-atmen.com\/leben-atmen-wp\/radreisen\/radtour2021\/","title":{"rendered":"2021 Radeln in Corona-Zeiten &#8211; Teil 2 &#8211; Bella Italia"},"content":{"rendered":"<div class=\"wpb-content-wrapper\"><p>[vc_row css_animation=&#8221;fadeInDown&#8221;][vc_column][vc_custom_heading text=&#8221;2021 Fahrradtour&#8221; font_container=&#8221;tag:h1|font_size:48|text_align:center&#8221; google_fonts=&#8221;font_family:Cinzel%3Aregular%2C700%2C900|font_style:400%20regular%3A400%3Anormal&#8221;][vc_custom_heading text=&#8221;Radeln in Zeiten von Corona &#8211; Teil 2 &#8211; Bella Italia&#8221; font_container=&#8221;tag:h2|font_size:30|text_align:center&#8221; google_fonts=&#8221;font_family:Cinzel%3Aregular%2C700%2C900|font_style:400%20regular%3A400%3Anormal&#8221; css=&#8221;.vc_custom_1625832292718{margin-top: 24px !important;margin-bottom: 24px !important;}&#8221;][\/vc_column][\/vc_row][vc_row][vc_column css_animation=&#8221;fadeInLeft&#8221; width=&#8221;2\/3&#8243;][vc_column_text]\u2026 eigentlich wollten wir nach Griechenland radeln, 7 verschiedene L\u00e4nder durchqueren \u2026 aber irgendwie ist es uns wegen Corona dann doch etwas mulmig geworden. Just vor wenigen Tagen kamen Zypern und Portugal wieder in den Fokus und wer wei\u00df, wie es nun weitergehen wird.<\/p>\n<p>Also haben wir kurzerhand alle Pl\u00e4ne \u00fcber den Haufen geworfen. Wir haben uns an die Corona-Tour 2020 erinnert und waren von Italien \u2013 namentlich der Toskana und Umbrien \u2013 so begeistert, dass wir es einfach nochmals tun: Wir radeln also s\u00fcdw\u00e4rts und als Ziel haben wir Montepulciano auserkoren.<\/p>\n<p>Es geht also zun\u00e4chst \u00fcber die Alpen wohl nach Venedig. Von dort \u00fcber Rimini nach Arezzo und dann nach Montepulciano. Wie wir zur\u00fcckfahren werden, wissen wir aktuell noch nicht. Auch die Routendetails sind uns noch unklar. Aber das ist ja auch egal \u2013 denn mit dem Fahrrad unterwegs sein, ist immer und fast \u00fcberall fantastisch sch\u00f6n.<\/p>\n<p>Wie immer gibt es eine Webseite zur Reise:<\/p>\n<p><a href=\"https:\/\/www.leben-atmen.com\/bella-italia\/\" target=\"_blank\" rel=\"noopener\">https:\/\/www.leben-atmen.com\/bella-italia\/<\/a><\/p>\n<p>Gl\u00fcck auf!<\/p>\n<p>[\/vc_column_text][\/vc_column][vc_column css_animation=&#8221;fadeInRight&#8221; width=&#8221;1\/3&#8243;][vc_single_image image=&#8221;7116&#8243; img_size=&#8221;large&#8221;][\/vc_column][\/vc_row][vc_row][vc_column][vc_masonry_media_grid grid_id=&#8221;vc_gid:1641392108155-0b6617e6-176c-3&#8243; include=&#8221;7238,7239,7240,7241,7242,7243,7244,7245,7246,7247,7248,7249,7251,7252,7236&#8243;][\/vc_column][vc_column][\/vc_column][\/vc_row]<\/p>\n<\/div>","protected":false},"excerpt":{"rendered":"<p>[vc_row css_animation=&#8221;fadeInDown&#8221;][vc_column][vc_custom_heading text=&#8221;2021 Fahrradtour&#8221; font_container=&#8221;tag:h1|font_size:48|text_align:center&#8221; google_fonts=&#8221;font_family:Cinzel%3Aregular%2C700%2C900|font_style:400%20regular%3A400%3Anormal&#8221;][vc_custom_heading text=&#8221;Radeln in Zeiten von Corona &#8211; Teil 2 &#8211; Bella Italia&#8221; font_container=&#8221;tag:h2|font_size:30|text_align:center&#8221; google_fonts=&#8221;font_family:Cinzel%3Aregular%2C700%2C900|font_style:400%20regular%3A400%3Anormal&#8221; css=&#8221;.vc_custom_1625832292718{margin-top: 24px !important;margin-bottom: 24px !important;}&#8221;][\/vc_column][\/vc_row][vc_row][vc_column css_animation=&#8221;fadeInLeft&#8221; width=&#8221;2\/3&#8243;][vc_column_text]\u2026 eigentlich wollten wir nach Griechenland radeln, 7 verschiedene L\u00e4nder durchqueren \u2026 aber irgendwie ist es uns wegen Corona dann doch etwas mulmig geworden. Just vor wenigen Tagen kamen Zypern und Portugal wieder in den Fokus und wer wei\u00df, wie es nun weitergehen wird. Also haben wir kurzerhand alle Pl\u00e4ne \u00fcber den Haufen geworfen. Wir haben uns an die Corona-Tour 2020 erinnert und waren von Italien \u2013 namentlich der Toskana und Umbrien \u2013 so begeistert, &hellip; <a href=\"https:\/\/www.leben-atmen.com\/leben-atmen-wp\/radreisen\/radtour2021\/\">Continued<\/a><\/p>\n","protected":false},"author":3,"featured_media":0,"parent":34,"menu_order":0,"comment_status":"closed","ping_status":"closed","template":"","meta":{"footnotes":""},"class_list":["post-7188","page","type-page","status-publish","hentry"],"_links":{"self":[{"href":"https:\/\/www.leben-atmen.com\/leben-atmen-wp\/wp-json\/wp\/v2\/pages\/7188","targetHints":{"allow":["GET"]}}],"collection":[{"href":"https:\/\/www.leben-atmen.com\/leben-atmen-wp\/wp-json\/wp\/v2\/pages"}],"about":[{"href":"https:\/\/www.leben-atmen.com\/leben-atmen-wp\/wp-json\/wp\/v2\/types\/page"}],"author":[{"embeddable":true,"href":"https:\/\/www.leben-atmen.com\/leben-atmen-wp\/wp-json\/wp\/v2\/users\/3"}],"replies":[{"embeddable":true,"href":"https:\/\/www.leben-atmen.com\/leben-atmen-wp\/wp-json\/wp\/v2\/comments?post=7188"}],"version-history":[{"count":4,"href":"https:\/\/www.leben-atmen.com\/leben-atmen-wp\/wp-json\/wp\/v2\/pages\/7188\/revisions"}],"predecessor-version":[{"id":7254,"href":"https:\/\/www.leben-atmen.com\/leben-atmen-wp\/wp-json\/wp\/v2\/pages\/7188\/revisions\/7254"}],"up":[{"embeddable":true,"href":"https:\/\/www.leben-atmen.com\/leben-atmen-wp\/wp-json\/wp\/v2\/pages\/34"}],"wp:attachment":[{"href":"https:\/\/www.leben-atmen.com\/leben-atmen-wp\/wp-json\/wp\/v2\/media?parent=7188"}],"curies":[{"name":"wp","href":"https:\/\/api.w.org\/{rel}","templated":true}]}}

<div class="wpb-content-wrapper"><p>[vc_row css_animation=&#8221;fadeInDown&#8221;][vc_column][vc_custom_heading text=&#8221;2021 Fahrradtour&#8221; font_container=&#8221;tag:h1|font_size:48|text_align:center&#8221; google_fonts=&#8221;font_family:Cinzel%3Aregular%2C700%2C900|font_style:400%20regular%3A400%3Anormal&#8221;][vc_custom_heading text=&#8221;Radeln in Zeiten von Corona &#8211; Teil 2 &#8211; Bella Italia&#8221; font_container=&#8221;tag:h2|font_size:30|text_align:center&#8221; google_fonts=&#8221;font_family:Cinzel%3Aregular%2C700%2C900|font_style:400%20regular%3A400%3Anormal&#8221; css=&#8221;.vc_custom_1625832292718{margin-top: 24px !important;margin-bottom: 24px !important;}&#8221;][/vc_column][/vc_row][vc_row][vc_column css_animation=&#8221;fadeInLeft&#8221; width=&#8221;2/3&#8243;][vc_column_text]… eigentlich wollten wir nach Griechenland radeln, 7 verschiedene Länder durchqueren … aber irgendwie ist es uns wegen Corona dann doch etwas mulmig geworden. Just vor wenigen Tagen kamen Zypern und Portugal wieder in den Fokus und wer weiß, wie es nun weitergehen wird.</p>
<p>Also haben wir kurzerhand alle Pläne über den Haufen geworfen. Wir haben uns an die Corona-Tour 2020 erinnert und waren von Italien – namentlich der Toskana und Umbrien – so begeistert, dass wir es einfach nochmals tun: Wir radeln also südwärts und als Ziel haben wir Montepulciano auserkoren.</p>
<p>Es geht also zunächst über die Alpen wohl nach Venedig. Von dort über Rimini nach Arezzo und dann nach Montepulciano. Wie wir zurückfahren werden, wissen wir aktuell noch nicht. Auch die Routendetails sind uns noch unklar. Aber das ist ja auch egal – denn mit dem Fahrrad unterwegs sein, ist immer und fast überall fantastisch schön.</p>
<p>Wie immer gibt es eine Webseite zur Reise:</p>
<p><a href="https://www.leben-atmen.com/bella-italia/" target="_blank" rel="noopener">https://www.leben-atmen.com/bella-italia/</a></p>
<p>Glück auf!</p>
<p>[/vc_column_text][/vc_column][vc_column css_animation=&#8221;fadeInRight&#8221; width=&#8221;1/3&#8243;][vc_single_image image=&#8221;7116&#8243; img_size=&#8221;large&#8221;][/vc_column][/vc_row][vc_row][vc_column][vc_masonry_media_grid grid_id=&#8221;vc_gid:1641392108155-0b6617e6-176c-3&#8243; include=&#8221;7238,7239,7240,7241,7242,7243,7244,7245,7246,7247,7248,7249,7251,7252,7236&#8243;][/vc_column][vc_column][/vc_column][/vc_row]</p>
</div>

<p>[vc_row css_animation=&#8221;fadeInDown&#8221;][vc_column][vc_custom_heading text=&#8221;2021 Fahrradtour&#8221; font_container=&#8221;tag:h1|font_size:48|text_align:center&#8221; google_fonts=&#8221;font_family:Cinzel%3Aregular%2C700%2C900|font_style:400%20regular%3A400%3Anormal&#8221;][vc_custom_heading text=&#8221;Radeln in Zeiten von Corona &#8211; Teil 2 &#8211; Bella Italia&#8221; font_container=&#8221;tag:h2|font_size:30|text_align:center&#8221; google_fonts=&#8221;font_family:Cinzel%3Aregular%2C700%2C900|font_style:400%20regular%3A400%3Anormal&#8221; css=&#8221;.vc_custom_1625832292718{margin-top: 24px !important;margin-bottom: 24px !important;}&#8221;][/vc_column][/vc_row][vc_row][vc_column css_animation=&#8221;fadeInLeft&#8221; width=&#8221;2/3&#8243;][vc_column_text]… eigentlich wollten wir nach Griechenland radeln, 7 verschiedene Länder durchqueren … aber irgendwie ist es uns wegen Corona dann doch etwas mulmig geworden. Just vor wenigen Tagen kamen Zypern und Portugal wieder in den Fokus und wer weiß, wie es nun weitergehen wird. Also haben wir kurzerhand alle Pläne über den Haufen geworfen. Wir haben uns an die Corona-Tour 2020 erinnert und waren von Italien – namentlich der Toskana und Umbrien – so begeistert, &hellip; <a href="https://www.leben-atmen.com/leben-atmen-wp/radreisen/radtour2021/">Continued</a></p>
