{"id":6410,"date":"2017-06-19T08:59:54","date_gmt":"2017-06-19T06:59:54","guid":{"rendered":"https:\/\/www.leben-atmen.com\/leben-atmen-wp\/?page_id=6410"},"modified":"2021-01-14T12:47:06","modified_gmt":"2021-01-14T11:47:06","slug":"2017-obergriesbach-sueditalien","status":"publish","type":"page","link":"https:\/\/www.leben-atmen.com\/leben-atmen-wp\/radreisen\/2017-obergriesbach-sueditalien\/","title":{"rendered":"2017 Obergriesbach\u2013S\u00fcditalien"},"content":{"rendered":"<div class=\"wpb-content-wrapper\"><p>[vc_row css_animation=&#8221;fadeInDown&#8221; css=&#8221;.vc_custom_1482150982951{margin-top: 24px !important;margin-bottom: 24px !important;}&#8221;][vc_column][vc_custom_heading text=&#8221;Kulturradreise 2017<br \/>\nObergriesbach\u2013S\u00fcditalien&#8221; font_container=&#8221;tag:h1|font_size:48|text_align:center&#8221; google_fonts=&#8221;font_family:Cinzel%3Aregular%2C700%2C900|font_style:400%20regular%3A400%3Anormal&#8221;][vc_custom_heading text=&#8221;Dem Herzen folgen \u2013 durch \u201eBella Italia\u201c radeln!&#8221; font_container=&#8221;tag:h2|font_size:30|text_align:center&#8221; google_fonts=&#8221;font_family:Cinzel%3Aregular%2C700%2C900|font_style:400%20regular%3A400%3Anormal&#8221;][\/vc_column][\/vc_row][vc_row][vc_column css_animation=&#8221;slideInLeft&#8221; width=&#8221;2\/3&#8243;][vc_column_text]Heuer fahren wir zur Abwechslung einfach mal \u201eum Frankreich herum\u201c sagte Simone zu Anton \u2026 ca. 3500 km lagen vor uns \u2026. NEIN \u2013 wir hatten zwar alles durchgeplant \u2013 aber unser Bauch sagte uns, dass es keine gute Idee sei, nach Frankreich zu radeln. Deshalb folgten wir unserem Herzen und fuhren einfach mal wieder gen S\u00fcden \u2013 l\u00e4ngs durch Italien.<\/p>\n<p>\u00dcber den Isarradweg fuhren wir nach Bad T\u00f6lz und z\u00fcgig nach Innsbruck. Nach der Brenner\u00fcberquerung fuhren wir in das sch\u00f6ne Pustertal \u00fcber den Bahnradweg von Toblach nach Cortina d\u00b4Ampezzo. Von dort aus ging es \u00fcber das Prosecco-Paradies Vittorio Veneto in die heilige Stadt Padova, in der die Antoniubasilika steht und die Reliquien des Antonius von Padua aufbewahrt und angebetet werden.<\/p>\n<p>Wir machten uns weiter auf nach Ferrara, der Fahrradstadt Italiens. Die Poebene war schnell durchradelt, geht es doch nur eben dahin. Dann aber hinein in den Apennin auf den Franziskusweg in Richtung Florenz. \u00dcber Perugia und Assisi, Spoleto und Rieti f\u00fchrte uns der Weg nach L`Aquila der durch ein verheerendes Erdbeben im Jahre 2009 immer noch zerst\u00f6rte Stadt in den Abruzzen.<\/p>\n<p>Durch einen Lesertipp f\u00fchrte unser Radweg nach Manopello, einem kleinen \u00d6rtchen, das in seiner Kirche einen Schleier mit dem Abbild Jesu aufbewahrt.<\/p>\n<p>Jetzt aber schnell ans\u00a0Meer fahren, genug hatten wir von Bergen und H\u00f6henmetern radeln! \u00dcber Pescara ging es weiter in Richtung Gargano, den wir komplett durchradelten. Dann aber war die Zielgerade erreicht und die letzten Kilometer waren f\u00fcr uns ohne Anstrengung ein Kinderspiel; hinein in die wundersch\u00f6ne Hafenstadt Bari. Unsere Reise dauerte exakt vier Wochen und wir radelten circa 1800 Kilometer. Wer die Reise nachlesen m\u00f6chte: <a href=\"http:\/\/www.leben-atmen.com\/sueditalien\" target=\"_blank\" rel=\"noopener noreferrer\">www.leben-atmen.com\/sueditalien<\/a>[\/vc_column_text][\/vc_column][vc_column css_animation=&#8221;slideInRight&#8221; width=&#8221;1\/3&#8243;][vc_single_image image=&#8221;6522&#8243; img_size=&#8221;medium&#8221; style=&#8221;vc_box_shadow_3d&#8221;][vc_single_image image=&#8221;6523&#8243; img_size=&#8221;medium&#8221; style=&#8221;vc_box_shadow_3d&#8221;][\/vc_column][\/vc_row][vc_row][vc_column][vc_empty_space height=&#8221;100px&#8221;][\/vc_column][\/vc_row][vc_row][vc_column][vc_masonry_media_grid item=&#8221;masonryMedia_BorderedScale&#8221; grid_id=&#8221;vc_gid:1610624564696-2da280f2-4924-2&#8243; include=&#8221;6525,6526,6527,6528,6529,6530,6532,6533,6534,6535,6536,6537,6538,6539,6540,6541,6542,6543,6544,6545,6546,6547,6548,6549,6550,6551,6552,6553,6554,6555,6556,6557,6558,6559,6561,6562,6563,6564,6565,6566,6567,6568,6569,6570,6571,6572,6573,6574,6575&#8243;][\/vc_column][\/vc_row]<\/p>\n<\/div>","protected":false},"excerpt":{"rendered":"<p>[vc_row css_animation=&#8221;fadeInDown&#8221; css=&#8221;.vc_custom_1482150982951{margin-top: 24px !important;margin-bottom: 24px !important;}&#8221;][vc_column][vc_custom_heading text=&#8221;Kulturradreise 2017 Obergriesbach\u2013S\u00fcditalien&#8221; font_container=&#8221;tag:h1|font_size:48|text_align:center&#8221; google_fonts=&#8221;font_family:Cinzel%3Aregular%2C700%2C900|font_style:400%20regular%3A400%3Anormal&#8221;][vc_custom_heading text=&#8221;Dem Herzen folgen \u2013 durch \u201eBella Italia\u201c radeln!&#8221; font_container=&#8221;tag:h2|font_size:30|text_align:center&#8221; google_fonts=&#8221;font_family:Cinzel%3Aregular%2C700%2C900|font_style:400%20regular%3A400%3Anormal&#8221;][\/vc_column][\/vc_row][vc_row][vc_column css_animation=&#8221;slideInLeft&#8221; width=&#8221;2\/3&#8243;][vc_column_text]Heuer fahren wir zur Abwechslung einfach mal \u201eum Frankreich herum\u201c sagte Simone zu Anton \u2026 ca. 3500 km lagen vor uns \u2026. NEIN \u2013 wir hatten zwar alles durchgeplant \u2013 aber unser Bauch sagte uns, dass es keine gute Idee sei, nach Frankreich zu radeln. Deshalb folgten wir unserem Herzen und fuhren einfach mal wieder gen S\u00fcden \u2013 l\u00e4ngs durch Italien. \u00dcber den Isarradweg fuhren wir nach Bad T\u00f6lz und z\u00fcgig nach Innsbruck. Nach der Brenner\u00fcberquerung fuhren &hellip; <a href=\"https:\/\/www.leben-atmen.com\/leben-atmen-wp\/radreisen\/2017-obergriesbach-sueditalien\/\">Continued<\/a><\/p>\n","protected":false},"author":1,"featured_media":0,"parent":34,"menu_order":0,"comment_status":"closed","ping_status":"closed","template":"page-fullwidth.php","meta":{"footnotes":""},"class_list":["post-6410","page","type-page","status-publish","hentry"],"_links":{"self":[{"href":"https:\/\/www.leben-atmen.com\/leben-atmen-wp\/wp-json\/wp\/v2\/pages\/6410","targetHints":{"allow":["GET"]}}],"collection":[{"href":"https:\/\/www.leben-atmen.com\/leben-atmen-wp\/wp-json\/wp\/v2\/pages"}],"about":[{"href":"https:\/\/www.leben-atmen.com\/leben-atmen-wp\/wp-json\/wp\/v2\/types\/page"}],"author":[{"embeddable":true,"href":"https:\/\/www.leben-atmen.com\/leben-atmen-wp\/wp-json\/wp\/v2\/users\/1"}],"replies":[{"embeddable":true,"href":"https:\/\/www.leben-atmen.com\/leben-atmen-wp\/wp-json\/wp\/v2\/comments?post=6410"}],"version-history":[{"count":13,"href":"https:\/\/www.leben-atmen.com\/leben-atmen-wp\/wp-json\/wp\/v2\/pages\/6410\/revisions"}],"predecessor-version":[{"id":7176,"href":"https:\/\/www.leben-atmen.com\/leben-atmen-wp\/wp-json\/wp\/v2\/pages\/6410\/revisions\/7176"}],"up":[{"embeddable":true,"href":"https:\/\/www.leben-atmen.com\/leben-atmen-wp\/wp-json\/wp\/v2\/pages\/34"}],"wp:attachment":[{"href":"https:\/\/www.leben-atmen.com\/leben-atmen-wp\/wp-json\/wp\/v2\/media?parent=6410"}],"curies":[{"name":"wp","href":"https:\/\/api.w.org\/{rel}","templated":true}]}}

2017 Obergriesbach–Süditalien

<div class="wpb-content-wrapper"><p>[vc_row css_animation=&#8221;fadeInDown&#8221; css=&#8221;.vc_custom_1482150982951{margin-top: 24px !important;margin-bottom: 24px !important;}&#8221;][vc_column][vc_custom_heading text=&#8221;Kulturradreise 2017<br />
Obergriesbach–Süditalien&#8221; font_container=&#8221;tag:h1|font_size:48|text_align:center&#8221; google_fonts=&#8221;font_family:Cinzel%3Aregular%2C700%2C900|font_style:400%20regular%3A400%3Anormal&#8221;][vc_custom_heading text=&#8221;Dem Herzen folgen – durch „Bella Italia“ radeln!&#8221; font_container=&#8221;tag:h2|font_size:30|text_align:center&#8221; google_fonts=&#8221;font_family:Cinzel%3Aregular%2C700%2C900|font_style:400%20regular%3A400%3Anormal&#8221;][/vc_column][/vc_row][vc_row][vc_column css_animation=&#8221;slideInLeft&#8221; width=&#8221;2/3&#8243;][vc_column_text]Heuer fahren wir zur Abwechslung einfach mal „um Frankreich herum“ sagte Simone zu Anton … ca. 3500 km lagen vor uns …. NEIN – wir hatten zwar alles durchgeplant – aber unser Bauch sagte uns, dass es keine gute Idee sei, nach Frankreich zu radeln. Deshalb folgten wir unserem Herzen und fuhren einfach mal wieder gen Süden – längs durch Italien.</p>
<p>Über den Isarradweg fuhren wir nach Bad Tölz und zügig nach Innsbruck. Nach der Brennerüberquerung fuhren wir in das schöne Pustertal über den Bahnradweg von Toblach nach Cortina d´Ampezzo. Von dort aus ging es über das Prosecco-Paradies Vittorio Veneto in die heilige Stadt Padova, in der die Antoniubasilika steht und die Reliquien des Antonius von Padua aufbewahrt und angebetet werden.</p>
<p>Wir machten uns weiter auf nach Ferrara, der Fahrradstadt Italiens. Die Poebene war schnell durchradelt, geht es doch nur eben dahin. Dann aber hinein in den Apennin auf den Franziskusweg in Richtung Florenz. Über Perugia und Assisi, Spoleto und Rieti führte uns der Weg nach L`Aquila der durch ein verheerendes Erdbeben im Jahre 2009 immer noch zerstörte Stadt in den Abruzzen.</p>
<p>Durch einen Lesertipp führte unser Radweg nach Manopello, einem kleinen Örtchen, das in seiner Kirche einen Schleier mit dem Abbild Jesu aufbewahrt.</p>
<p>Jetzt aber schnell ans Meer fahren, genug hatten wir von Bergen und Höhenmetern radeln! Über Pescara ging es weiter in Richtung Gargano, den wir komplett durchradelten. Dann aber war die Zielgerade erreicht und die letzten Kilometer waren für uns ohne Anstrengung ein Kinderspiel; hinein in die wunderschöne Hafenstadt Bari. Unsere Reise dauerte exakt vier Wochen und wir radelten circa 1800 Kilometer. Wer die Reise nachlesen möchte: <a href="http://www.leben-atmen.com/sueditalien" target="_blank" rel="noopener noreferrer">www.leben-atmen.com/sueditalien</a>[/vc_column_text][/vc_column][vc_column css_animation=&#8221;slideInRight&#8221; width=&#8221;1/3&#8243;][vc_single_image image=&#8221;6522&#8243; img_size=&#8221;medium&#8221; style=&#8221;vc_box_shadow_3d&#8221;][vc_single_image image=&#8221;6523&#8243; img_size=&#8221;medium&#8221; style=&#8221;vc_box_shadow_3d&#8221;][/vc_column][/vc_row][vc_row][vc_column][vc_empty_space height=&#8221;100px&#8221;][/vc_column][/vc_row][vc_row][vc_column][vc_masonry_media_grid item=&#8221;masonryMedia_BorderedScale&#8221; grid_id=&#8221;vc_gid:1610624564696-2da280f2-4924-2&#8243; include=&#8221;6525,6526,6527,6528,6529,6530,6532,6533,6534,6535,6536,6537,6538,6539,6540,6541,6542,6543,6544,6545,6546,6547,6548,6549,6550,6551,6552,6553,6554,6555,6556,6557,6558,6559,6561,6562,6563,6564,6565,6566,6567,6568,6569,6570,6571,6572,6573,6574,6575&#8243;][/vc_column][/vc_row]</p>
</div>

<p>[vc_row css_animation=&#8221;fadeInDown&#8221; css=&#8221;.vc_custom_1482150982951{margin-top: 24px !important;margin-bottom: 24px !important;}&#8221;][vc_column][vc_custom_heading text=&#8221;Kulturradreise 2017 Obergriesbach–Süditalien&#8221; font_container=&#8221;tag:h1|font_size:48|text_align:center&#8221; google_fonts=&#8221;font_family:Cinzel%3Aregular%2C700%2C900|font_style:400%20regular%3A400%3Anormal&#8221;][vc_custom_heading text=&#8221;Dem Herzen folgen – durch „Bella Italia“ radeln!&#8221; font_container=&#8221;tag:h2|font_size:30|text_align:center&#8221; google_fonts=&#8221;font_family:Cinzel%3Aregular%2C700%2C900|font_style:400%20regular%3A400%3Anormal&#8221;][/vc_column][/vc_row][vc_row][vc_column css_animation=&#8221;slideInLeft&#8221; width=&#8221;2/3&#8243;][vc_column_text]Heuer fahren wir zur Abwechslung einfach mal „um Frankreich herum“ sagte Simone zu Anton … ca. 3500 km lagen vor uns …. NEIN – wir hatten zwar alles durchgeplant – aber unser Bauch sagte uns, dass es keine gute Idee sei, nach Frankreich zu radeln. Deshalb folgten wir unserem Herzen und fuhren einfach mal wieder gen Süden – längs durch Italien. Über den Isarradweg fuhren wir nach Bad Tölz und zügig nach Innsbruck. Nach der Brennerüberquerung fuhren &hellip; <a href="https://www.leben-atmen.com/leben-atmen-wp/radreisen/2017-obergriesbach-sueditalien/">Continued</a></p>
