{"id":64,"date":"2016-12-14T10:29:04","date_gmt":"2016-12-14T09:29:04","guid":{"rendered":"https:\/\/www.leben-atmen.com\/leben-atmen-wp\/?page_id=64"},"modified":"2019-10-04T10:49:42","modified_gmt":"2019-10-04T08:49:42","slug":"lektuere","status":"publish","type":"page","link":"https:\/\/www.leben-atmen.com\/leben-atmen-wp\/franziskusweg\/lektuere\/","title":{"rendered":"Lekt\u00fcre"},"content":{"rendered":"<div class=\"wpb-content-wrapper\"><p>[vc_row css=&#8221;.vc_custom_1481795813678{margin-top: 36px !important;}&#8221;][vc_column width=&#8221;1\/2&#8243;][vc_single_image image=&#8221;7103&#8243; img_size=&#8221;large&#8221; css_animation=&#8221;fadeInLeft&#8221;][vc_column_text css_animation=&#8221;fadeInLeft&#8221;]<\/p>\n<ul>\n<li>256\u00a0Seiten<\/li>\n<li>GPS-Daten gratis \u00fcber die gesamte Wegstrecke<\/li>\n<li>4-farbig<\/li>\n<li>Format: 120 x 200 mm<\/li>\n<li>Gewicht ca. 375 g<\/li>\n<li>ISBN 978-3-95431-079-1<\/li>\n<\/ul>\n<h2 style=\"text-align: right;\">\u20ac 19,95<\/h2>\n<p><a href=\"http:\/\/www.amac-buch.de\/franziskusweg-pilgerfuehrer-2019\" target=\"_blank\" rel=\"noopener noreferrer\">Buch bestellen &gt;&gt;&gt;<\/a>[\/vc_column_text][\/vc_column][vc_column css_animation=&#8221;fadeInRight&#8221; width=&#8221;1\/2&#8243;][vc_column_text css_animation=&#8221;none&#8221;]<\/p>\n<h2>Franziskusweg Pilgerf\u00fchrer<\/h2>\n<h3>Unterwegs mit dem heiligen Franziskus von Florenz \u00fcber Assisi nach Rom<\/h3>\n<p>Genie\u00dfen Sie Ihre Pilgerreise auf dem Franziskusweg ohne Sorgen. Unser Pilgerf\u00fchrer bietet dem Pilger neben der exakten Wegbeschreibung eine umfangreiche \u00dcbernachtungsadressliste sowie ein Vokabelverzeichnis f\u00fcr die wichtigsten Fragen auf Italienisch. Wer auf Nummer sicher gehen will: die GPS-Daten sind bei jeder Buchversion gratis dabei. Sie k\u00f6nnen den Pilgerf\u00fchrer aber auch als kosteng\u00fcnstiges E-Book erwerben. Machen Sie sich auf die intensivste Reise Ihres Lebens!<\/p>\n<p>Aus dem Inhalt:<\/p>\n<ul>\n<li><strong><span style=\"color: #ccb11b;\">Praktisches f\u00fcr die Pilgerreise: <\/span><\/strong>Packliste, Ausr\u00fcstungstipps, Empfehlungen f\u00fcr die entspannte An- und Abreise<\/li>\n<li><strong><span style=\"color: #ccb11b;\">Italienisch f\u00fcr Pilger:<\/span><\/strong> Integrierter italienischer Sprachf\u00fchrer f\u00fcr die problem\u00adfreie Kommunikation w\u00e4hrend der Reise.<\/li>\n<li><strong><span style=\"color: #ccb11b;\">T\u00e4gliche Impulse:<\/span><\/strong> Lassen Sie sich inspirieren durch Gedanken, Gebete und Geschichten aus dem Leben des heiligen Franziskus.<\/li>\n<li><strong><span style=\"color: #ccb11b;\">Pilgern mit GPS: <\/span><\/strong>Die Wegbeschreibung wird durch GPS-Dateien (nur Buchversion!) zum Download noch wertvoller. Die elektronischen Tagesetappen sind bereits von zahlreichen Pilgern erprobt und f\u00fchren Sie sicher zu den jeweiligen Zielorten.<\/li>\n<li><strong><span style=\"color: #ccb11b;\">Pilgern ohne GPS:<\/span><\/strong> Wenn Sie ohne elektronische Hilfe pilgern m\u00f6chten, so garantiert die exakte Wegbeschreibung im Buch gleichsam ein unbeschwertes Pilgern.<\/li>\n<li><strong><span style=\"color: #ccb11b;\">Das Gel\u00e4nde einsch\u00e4tzen:<\/span><\/strong> H\u00f6hen- und Kilometerangaben sind direkt im Kartenmaterial markiert. Streckenbeurteilungen und Angaben des Schwierigkeitsgrads erleichtern die Tourplanung.<\/li>\n<li><strong><span style=\"color: #ccb11b;\">Umfangreiches Verzeichnis der \u00dcbernachtungsadressen: <\/span><\/strong>Alle Adressen der Tagesetappen auf dem Franziskuspilgerweg werden fortlaufend gepr\u00fcft und aktualisiert.<\/li>\n<\/ul>\n<p>[\/vc_column_text][vc_video link=&#8221;https:\/\/youtu.be\/uJk9vsOwuRw&#8221; css=&#8221;.vc_custom_1554709863123{margin-top: 1em !important;}&#8221;][\/vc_column][\/vc_row][vc_row][vc_column][vc_text_separator title=&#8221;&#8221; css=&#8221;.vc_custom_1481794987067{margin-top: 36px !important;margin-bottom: 36px !important;}&#8221;][\/vc_column][\/vc_row][vc_row][vc_column width=&#8221;1\/2&#8243;][vc_single_image image=&#8221;5458&#8243; img_size=&#8221;large&#8221; css_animation=&#8221;fadeInLeft&#8221;][vc_column_text css_animation=&#8221;fadeInLeft&#8221;]<\/p>\n<ul>\n<li>2 Seiten<\/li>\n<li>1-farbig<\/li>\n<li>Format: 210 x 295 mm<\/li>\n<li>Gewicht: ca. 30 g<\/li>\n<li>ISBN 978-3-95431-005-0<\/li>\n<\/ul>\n<h2 style=\"text-align: right;\">\u20ac 3,99<\/h2>\n<p><a href=\"http:\/\/www.amac-buch.de\/pilgerpass\" target=\"_blank\" rel=\"noopener noreferrer\">Pilgerpass bestellen &gt;&gt;&gt;<\/a>[\/vc_column_text][\/vc_column][vc_column css_animation=&#8221;fadeInRight&#8221; width=&#8221;1\/2&#8243;][vc_column_text css_animation=&#8221;none&#8221;]<\/p>\n<h2>Pilgerpass<\/h2>\n<p>Wollten Sie nicht immer schon Au\u00dfergew\u00f6hnliches erleben? Eine Reise tun, die im Ged\u00e4chtnis bleibt, die vielleicht sogar Ihr Leben wieder in eine andere Richtung lenkt?<\/p>\n<p>Dieser Pilgerpass ist eine sinnvolle Erg\u00e4nzung zum Buch Franziskusweg Pilgerf\u00fchrer. So halten Sie Ihre Pilgerreise individuell fest und dokumentieren durch die Stempel in den Herbergen Ihre Pilgerschaft.<\/p>\n<p>Der Pilgerpass ist auf werthaltigem Naturpapier gedruckt und enth\u00e4lt f\u00fcr jede Pilger\u00fcbernachtung ein Stempelfeld. Die Stempel erhalten Sie jeweils in den \u00dcbernachtungspensionen auf Nachfrage. Der Pass wird in einem Schutzumschlag geliefert, damit er vor Regen und Verschmutzung gesch\u00fctzt ist.[\/vc_column_text][vc_video link=&#8221;https:\/\/youtu.be\/UEsTm2mp2pU&#8221; css=&#8221;.vc_custom_1554709962984{margin-top: 1em !important;}&#8221;][\/vc_column][\/vc_row][vc_row][vc_column][vc_text_separator title=&#8221;&#8221; css=&#8221;.vc_custom_1481794987067{margin-top: 36px !important;margin-bottom: 36px !important;}&#8221;][\/vc_column][\/vc_row][vc_row][vc_column width=&#8221;1\/2&#8243;][vc_single_image image=&#8221;6779&#8243; img_size=&#8221;450&#215;661&#8243; css_animation=&#8221;fadeInLeft&#8221; css=&#8221;.vc_custom_1551082958908{margin-bottom: 24px !important;}&#8221;][vc_column_text css_animation=&#8221;fadeInLeft&#8221;]<\/p>\n<ul>\n<li>Buch, PDF oder ePub<\/li>\n<li>72 Seiten<\/li>\n<li>ISBN 978-3-95431-073-9<\/li>\n<\/ul>\n<h2 style=\"text-align: right;\">\u20ac 4,95<\/h2>\n<p><a href=\"http:\/\/www.amac-buch.de\/fw-impulse\" target=\"_blank\" rel=\"noopener noreferrer\">zur Buchbestellung &gt;&gt;&gt;<\/a><\/p>\n<p><a href=\"http:\/\/www.amac-buch.de\/franziskusweg-impulse\" target=\"_blank\" rel=\"noopener noreferrer\">kosenloses PDF-E-Book herunterladen &gt;&gt;&gt;<\/a><\/p>\n<p><a href=\"http:\/\/www.amac-buch.de\/franziskusweg-impulse-epub\" target=\"_blank\" rel=\"noopener noreferrer\">kostenloses ePub-E-Book herunterladen &gt;&gt;&gt;<\/a>[\/vc_column_text][\/vc_column][vc_column css_animation=&#8221;fadeInRight&#8221; width=&#8221;1\/2&#8243;][vc_column_text css_animation=&#8221;none&#8221;]<\/p>\n<h2>Franziskusweg Pilgerf\u00fchrer Impulse<\/h2>\n<h3>Der Pilgerweg f\u00fcr alle Sinne von Florenz \u00fcber Assisi nach Rom<\/h3>\n<p>\u201eBuongiorno, buona gente!\u201c \u2013 \u201eGuten Tag, ihr guten Menschen!\u201c Mit diesem Gru\u00df auf den Lippen durchschritt Franz von Assisi im Jahre 1209 zum \u00ader\u00adsten Male das Rietital. Noch heute findet man auf dem Franziskusweg viele freundliche und hilfsbereite Menschen, die den Pilger\/-innen herzlich empfangen. Was erwartet Sie als Pilger\/-in auf dem Franziskusweg? \u00dcber 500 Kilometer in vier Wochen zu gehen stellt eine echte Herausforderung f\u00fcr den K\u00f6rper und den Kopf dar. Viele H\u00f6henmeter m\u00fcssen unterwegs \u00fcberwunden werden, daf\u00fcr dar man unber\u00fchrte Natur durchwandern. Und immer wieder werden Sie an Kl\u00f6stern vorbeikommen, die viel von der Geschichte des heiligen Franz von Assisi erz\u00e4hlen. Spirituelle Orte, die Natur und die Einheimischen Italiens, einsame D\u00f6rfer wie Greccio und lebendige St\u00e4dte wie Rieti geh\u00f6ren ebenso dazu wie der grandiose Abschluss der Reise, Ihre Ankunft in Rom.<\/p>\n<p>Franziskus war viel in der Welt unterwegs, pilgerte nach Santiago de Compos\u00adtela, verbreitete seine Botschaft bis nach \u00c4gypten und Syrien. Jedoch zog es ihn immer wieder in seine Heimat Umbrien zur\u00fcck. Aus gutem Grund, wie wir finden, denn unsere pers\u00f6nliche Meinung ist, dass der Franziskusweg den wohl sch\u00f6nsten Pilgerweg der Erde mitten im Herzen Italiens darstellt. Es gibt viele Anst\u00f6\u00dfe, zu pilgern. Jeder hat seine pers\u00f6nlichen Beweggr\u00fcnde. Ob dies k\u00f6rperliche Ert\u00fcchtigung ist, eine Pilgerwanderung, um Bu\u00dfe zu tun, oder ob man f\u00fcr jemanden pilgert, der krank ist, oder selbst um Heilung bittet. Ob man in der Partnerschaft oder im Alltag Probleme hat oder einfach der Glaube ein Grund ist, sich auf diese besondere Reise zu machen, spielt keine Rolle. Jeder wird auf diesem Wege von rund einem Monat Dauer Heilung in irgendeiner Form erfahren.<\/p>\n<p>So viel k\u00f6nnen wir schon jetzt versprechen: Der Weg wird eine der intensivsten Erfahrungen in Ihrem Leben werden. Aber nun w\u00fcnschen wir Ihnen gutes Gelingen bei der Planung und Vorbereitung auf das pers\u00f6nliche Pilgerabenteuer \u2013 den Franziskusweg, den Pilgerweg f\u00fcr alle Sinne![\/vc_column_text][vc_video link=&#8221;https:\/\/youtu.be\/f4mmBzWvxq4&#8243; css=&#8221;.vc_custom_1554710002085{margin-top: 1em !important;}&#8221;][\/vc_column][\/vc_row][vc_row][vc_column][vc_text_separator title=&#8221;&#8221; css=&#8221;.vc_custom_1481794987067{margin-top: 36px !important;margin-bottom: 36px !important;}&#8221;][vc_empty_space height=&#8221;72px&#8221;][\/vc_column][\/vc_row]<\/p>\n<\/div>","protected":false},"excerpt":{"rendered":"<p>[vc_row css=&#8221;.vc_custom_1481795813678{margin-top: 36px !important;}&#8221;][vc_column width=&#8221;1\/2&#8243;][vc_single_image image=&#8221;7103&#8243; img_size=&#8221;large&#8221; css_animation=&#8221;fadeInLeft&#8221;][vc_column_text css_animation=&#8221;fadeInLeft&#8221;] 256\u00a0Seiten GPS-Daten gratis \u00fcber die gesamte Wegstrecke 4-farbig Format: 120 x 200 mm Gewicht ca. 375 g ISBN 978-3-95431-079-1 \u20ac 19,95 Buch bestellen &gt;&gt;&gt;[\/vc_column_text][\/vc_column][vc_column css_animation=&#8221;fadeInRight&#8221; width=&#8221;1\/2&#8243;][vc_column_text css_animation=&#8221;none&#8221;] Franziskusweg Pilgerf\u00fchrer Unterwegs mit dem heiligen Franziskus von Florenz \u00fcber Assisi nach Rom Genie\u00dfen Sie Ihre Pilgerreise auf dem Franziskusweg ohne Sorgen. Unser Pilgerf\u00fchrer bietet dem Pilger neben der exakten Wegbeschreibung eine umfangreiche \u00dcbernachtungsadressliste sowie ein Vokabelverzeichnis f\u00fcr die wichtigsten Fragen auf Italienisch. Wer auf Nummer sicher gehen will: die GPS-Daten sind bei jeder Buchversion gratis dabei. Sie k\u00f6nnen den Pilgerf\u00fchrer aber auch als &hellip; <a href=\"https:\/\/www.leben-atmen.com\/leben-atmen-wp\/franziskusweg\/lektuere\/\">Continued<\/a><\/p>\n","protected":false},"author":1,"featured_media":0,"parent":36,"menu_order":0,"comment_status":"closed","ping_status":"closed","template":"page-fullwidth.php","meta":{"footnotes":""},"class_list":["post-64","page","type-page","status-publish","hentry"],"_links":{"self":[{"href":"https:\/\/www.leben-atmen.com\/leben-atmen-wp\/wp-json\/wp\/v2\/pages\/64","targetHints":{"allow":["GET"]}}],"collection":[{"href":"https:\/\/www.leben-atmen.com\/leben-atmen-wp\/wp-json\/wp\/v2\/pages"}],"about":[{"href":"https:\/\/www.leben-atmen.com\/leben-atmen-wp\/wp-json\/wp\/v2\/types\/page"}],"author":[{"embeddable":true,"href":"https:\/\/www.leben-atmen.com\/leben-atmen-wp\/wp-json\/wp\/v2\/users\/1"}],"replies":[{"embeddable":true,"href":"https:\/\/www.leben-atmen.com\/leben-atmen-wp\/wp-json\/wp\/v2\/comments?post=64"}],"version-history":[{"count":27,"href":"https:\/\/www.leben-atmen.com\/leben-atmen-wp\/wp-json\/wp\/v2\/pages\/64\/revisions"}],"predecessor-version":[{"id":7104,"href":"https:\/\/www.leben-atmen.com\/leben-atmen-wp\/wp-json\/wp\/v2\/pages\/64\/revisions\/7104"}],"up":[{"embeddable":true,"href":"https:\/\/www.leben-atmen.com\/leben-atmen-wp\/wp-json\/wp\/v2\/pages\/36"}],"wp:attachment":[{"href":"https:\/\/www.leben-atmen.com\/leben-atmen-wp\/wp-json\/wp\/v2\/media?parent=64"}],"curies":[{"name":"wp","href":"https:\/\/api.w.org\/{rel}","templated":true}]}}