{"id":56,"date":"2016-12-14T10:26:23","date_gmt":"2016-12-14T09:26:23","guid":{"rendered":"https:\/\/www.leben-atmen.com\/leben-atmen-wp\/?page_id=56"},"modified":"2021-01-14T12:41:08","modified_gmt":"2021-01-14T11:41:08","slug":"tipps","status":"publish","type":"page","link":"https:\/\/www.leben-atmen.com\/leben-atmen-wp\/radreisen\/tipps\/","title":{"rendered":"2019 Deutschlandtour"},"content":{"rendered":"<div class=\"wpb-content-wrapper\"><p>[vc_row css_animation=&#8221;fadeInDown&#8221;][vc_column][vc_custom_heading text=&#8221;2019 Deutschlandtour&#8221; font_container=&#8221;tag:h1|font_size:48|text_align:center&#8221; google_fonts=&#8221;font_family:Cinzel%3Aregular%2C700%2C900|font_style:400%20regular%3A400%3Anormal&#8221;][vc_custom_heading text=&#8221;Eine Runde durch unser Heimatland mit dem Fahrrad&#8221; font_container=&#8221;tag:h2|font_size:30|text_align:center&#8221; google_fonts=&#8221;font_family:Cinzel%3Aregular%2C700%2C900|font_style:400%20regular%3A400%3Anormal&#8221; css=&#8221;.vc_custom_1562402018281{margin-top: 24px !important;margin-bottom: 24px !important;}&#8221;][\/vc_column][\/vc_row][vc_row][vc_column css_animation=&#8221;fadeInLeft&#8221; width=&#8221;2\/3&#8243;][vc_column_text]Es war schon immer unser Wunsch, mal unser eigenes Heimatland mit dem Fahrrad zu erkunden. Und f\u00fcr 2019 haben wir das nun auf dem Plan.<\/p>\n<p>Wir radeln hierf\u00fcr zun\u00e4chst nordw\u00e4rts, um \u00fcber das Erzgebirge nach Dresden zu gelangen. Von dort aus geht es weiter nach Berlin. Dort angekommen wollen wir dann an die Ostsee gelangen. \u00dcber L\u00fcbeck f\u00fchrt unsere Tour dann nach Flensburg und an die d\u00e4nische Grenze.<\/p>\n<p>S\u00fcdw\u00e4rts wollen wir in jedem Fall Hamburg und die L\u00fcneburger Heide durchqueren. Weitere Ziele auf der R\u00fcckreise werden sich wohl noch ergeben.<\/p>\n<p>Ganz grob sind es wohl ca. 2500 km. Wir hoffen auf gutes Wetter und vor allem freuen wir uns darauf, die viele Radfahrwege zu erkunden und so stets fernab vom Stra\u00dfenverkehr unterwegs sein zu k\u00f6nnen.<\/p>\n<p>Und hier geht es zu unserem Reisebericht:<a href=\"https:\/\/www.leben-atmen.com\/deutschlandtour\/\" target=\"_blank\" rel=\"noopener noreferrer\"> https:\/\/www.leben-atmen.com\/deutschlandtour\/<\/a>[\/vc_column_text][\/vc_column][vc_column css_animation=&#8221;fadeInRight&#8221; width=&#8221;1\/3&#8243;][vc_single_image image=&#8221;7061&#8243; img_size=&#8221;large&#8221; style=&#8221;vc_box_shadow_3d&#8221;][\/vc_column][\/vc_row][vc_row][vc_column][vc_masonry_media_grid grid_id=&#8221;vc_gid:1610624413711-3b47085a-083e-3&#8243; include=&#8221;7077,7078,7079,7080,7081,7082,7083,7084,7085,7086,7087,7076,7075,7074,7073,7072,7071,7070,7069,7065,7067,7068&#8243;][\/vc_column][\/vc_row]<\/p>\n<\/div>","protected":false},"excerpt":{"rendered":"<p>[vc_row css_animation=&#8221;fadeInDown&#8221;][vc_column][vc_custom_heading text=&#8221;2019 Deutschlandtour&#8221; font_container=&#8221;tag:h1|font_size:48|text_align:center&#8221; google_fonts=&#8221;font_family:Cinzel%3Aregular%2C700%2C900|font_style:400%20regular%3A400%3Anormal&#8221;][vc_custom_heading text=&#8221;Eine Runde durch unser Heimatland mit dem Fahrrad&#8221; font_container=&#8221;tag:h2|font_size:30|text_align:center&#8221; google_fonts=&#8221;font_family:Cinzel%3Aregular%2C700%2C900|font_style:400%20regular%3A400%3Anormal&#8221; css=&#8221;.vc_custom_1562402018281{margin-top: 24px !important;margin-bottom: 24px !important;}&#8221;][\/vc_column][\/vc_row][vc_row][vc_column css_animation=&#8221;fadeInLeft&#8221; width=&#8221;2\/3&#8243;][vc_column_text]Es war schon immer unser Wunsch, mal unser eigenes Heimatland mit dem Fahrrad zu erkunden. Und f\u00fcr 2019 haben wir das nun auf dem Plan. Wir radeln hierf\u00fcr zun\u00e4chst nordw\u00e4rts, um \u00fcber das Erzgebirge nach Dresden zu gelangen. Von dort aus geht es weiter nach Berlin. Dort angekommen wollen wir dann an die Ostsee gelangen. \u00dcber L\u00fcbeck f\u00fchrt unsere Tour dann nach Flensburg und an die d\u00e4nische Grenze. S\u00fcdw\u00e4rts wollen wir in jedem Fall Hamburg und die L\u00fcneburger &hellip; <a href=\"https:\/\/www.leben-atmen.com\/leben-atmen-wp\/radreisen\/tipps\/\">Continued<\/a><\/p>\n","protected":false},"author":1,"featured_media":0,"parent":34,"menu_order":0,"comment_status":"closed","ping_status":"closed","template":"","meta":{"footnotes":""},"class_list":["post-56","page","type-page","status-publish","hentry"],"_links":{"self":[{"href":"https:\/\/www.leben-atmen.com\/leben-atmen-wp\/wp-json\/wp\/v2\/pages\/56","targetHints":{"allow":["GET"]}}],"collection":[{"href":"https:\/\/www.leben-atmen.com\/leben-atmen-wp\/wp-json\/wp\/v2\/pages"}],"about":[{"href":"https:\/\/www.leben-atmen.com\/leben-atmen-wp\/wp-json\/wp\/v2\/types\/page"}],"author":[{"embeddable":true,"href":"https:\/\/www.leben-atmen.com\/leben-atmen-wp\/wp-json\/wp\/v2\/users\/1"}],"replies":[{"embeddable":true,"href":"https:\/\/www.leben-atmen.com\/leben-atmen-wp\/wp-json\/wp\/v2\/comments?post=56"}],"version-history":[{"count":7,"href":"https:\/\/www.leben-atmen.com\/leben-atmen-wp\/wp-json\/wp\/v2\/pages\/56\/revisions"}],"predecessor-version":[{"id":7162,"href":"https:\/\/www.leben-atmen.com\/leben-atmen-wp\/wp-json\/wp\/v2\/pages\/56\/revisions\/7162"}],"up":[{"embeddable":true,"href":"https:\/\/www.leben-atmen.com\/leben-atmen-wp\/wp-json\/wp\/v2\/pages\/34"}],"wp:attachment":[{"href":"https:\/\/www.leben-atmen.com\/leben-atmen-wp\/wp-json\/wp\/v2\/media?parent=56"}],"curies":[{"name":"wp","href":"https:\/\/api.w.org\/{rel}","templated":true}]}}

<div class="wpb-content-wrapper"><p>[vc_row css_animation=&#8221;fadeInDown&#8221;][vc_column][vc_custom_heading text=&#8221;2019 Deutschlandtour&#8221; font_container=&#8221;tag:h1|font_size:48|text_align:center&#8221; google_fonts=&#8221;font_family:Cinzel%3Aregular%2C700%2C900|font_style:400%20regular%3A400%3Anormal&#8221;][vc_custom_heading text=&#8221;Eine Runde durch unser Heimatland mit dem Fahrrad&#8221; font_container=&#8221;tag:h2|font_size:30|text_align:center&#8221; google_fonts=&#8221;font_family:Cinzel%3Aregular%2C700%2C900|font_style:400%20regular%3A400%3Anormal&#8221; css=&#8221;.vc_custom_1562402018281{margin-top: 24px !important;margin-bottom: 24px !important;}&#8221;][/vc_column][/vc_row][vc_row][vc_column css_animation=&#8221;fadeInLeft&#8221; width=&#8221;2/3&#8243;][vc_column_text]Es war schon immer unser Wunsch, mal unser eigenes Heimatland mit dem Fahrrad zu erkunden. Und für 2019 haben wir das nun auf dem Plan.</p>
<p>Wir radeln hierfür zunächst nordwärts, um über das Erzgebirge nach Dresden zu gelangen. Von dort aus geht es weiter nach Berlin. Dort angekommen wollen wir dann an die Ostsee gelangen. Über Lübeck führt unsere Tour dann nach Flensburg und an die dänische Grenze.</p>
<p>Südwärts wollen wir in jedem Fall Hamburg und die Lüneburger Heide durchqueren. Weitere Ziele auf der Rückreise werden sich wohl noch ergeben.</p>
<p>Ganz grob sind es wohl ca. 2500 km. Wir hoffen auf gutes Wetter und vor allem freuen wir uns darauf, die viele Radfahrwege zu erkunden und so stets fernab vom Straßenverkehr unterwegs sein zu können.</p>
<p>Und hier geht es zu unserem Reisebericht:<a href="https://www.leben-atmen.com/deutschlandtour/" target="_blank" rel="noopener noreferrer"> https://www.leben-atmen.com/deutschlandtour/</a>[/vc_column_text][/vc_column][vc_column css_animation=&#8221;fadeInRight&#8221; width=&#8221;1/3&#8243;][vc_single_image image=&#8221;7061&#8243; img_size=&#8221;large&#8221; style=&#8221;vc_box_shadow_3d&#8221;][/vc_column][/vc_row][vc_row][vc_column][vc_masonry_media_grid grid_id=&#8221;vc_gid:1610624413711-3b47085a-083e-3&#8243; include=&#8221;7077,7078,7079,7080,7081,7082,7083,7084,7085,7086,7087,7076,7075,7074,7073,7072,7071,7070,7069,7065,7067,7068&#8243;][/vc_column][/vc_row]</p>
</div>

<p>[vc_row css_animation=&#8221;fadeInDown&#8221;][vc_column][vc_custom_heading text=&#8221;2019 Deutschlandtour&#8221; font_container=&#8221;tag:h1|font_size:48|text_align:center&#8221; google_fonts=&#8221;font_family:Cinzel%3Aregular%2C700%2C900|font_style:400%20regular%3A400%3Anormal&#8221;][vc_custom_heading text=&#8221;Eine Runde durch unser Heimatland mit dem Fahrrad&#8221; font_container=&#8221;tag:h2|font_size:30|text_align:center&#8221; google_fonts=&#8221;font_family:Cinzel%3Aregular%2C700%2C900|font_style:400%20regular%3A400%3Anormal&#8221; css=&#8221;.vc_custom_1562402018281{margin-top: 24px !important;margin-bottom: 24px !important;}&#8221;][/vc_column][/vc_row][vc_row][vc_column css_animation=&#8221;fadeInLeft&#8221; width=&#8221;2/3&#8243;][vc_column_text]Es war schon immer unser Wunsch, mal unser eigenes Heimatland mit dem Fahrrad zu erkunden. Und für 2019 haben wir das nun auf dem Plan. Wir radeln hierfür zunächst nordwärts, um über das Erzgebirge nach Dresden zu gelangen. Von dort aus geht es weiter nach Berlin. Dort angekommen wollen wir dann an die Ostsee gelangen. Über Lübeck führt unsere Tour dann nach Flensburg und an die dänische Grenze. Südwärts wollen wir in jedem Fall Hamburg und die Lüneburger &hellip; <a href="https://www.leben-atmen.com/leben-atmen-wp/radreisen/tipps/">Continued</a></p>
