{"id":46,"date":"2016-12-14T10:21:28","date_gmt":"2016-12-14T09:21:28","guid":{"rendered":"https:\/\/www.leben-atmen.com\/leben-atmen-wp\/?page_id=46"},"modified":"2017-02-17T17:22:13","modified_gmt":"2017-02-17T16:22:13","slug":"wir-ueber-uns","status":"publish","type":"page","link":"https:\/\/www.leben-atmen.com\/leben-atmen-wp\/wir-ueber-uns\/","title":{"rendered":"Wir \u00fcber uns"},"content":{"rendered":"<div class=\"wpb-content-wrapper\"><p>[vc_row css_animation=&#8221;fadeInDown&#8221;][vc_column][vc_custom_heading text=&#8221;Wir \u00fcber uns&#8221; font_container=&#8221;tag:h1|font_size:48|text_align:center&#8221; google_fonts=&#8221;font_family:Cinzel%3Aregular%2C700%2C900|font_style:400%20regular%3A400%3Anormal&#8221;][\/vc_column][\/vc_row][vc_row css_animation=&#8221;fadeInLeft&#8221;][vc_column width=&#8221;1\/3&#8243;][vc_gallery type=&#8221;nivo&#8221; interval=&#8221;0&#8243; images=&#8221;5620,5619,5618&#8243; img_size=&#8221;large&#8221; css_animation=&#8221;none&#8221; css=&#8221;.vc_custom_1482137102507{margin-top: 24px !important;}&#8221;][\/vc_column][vc_column width=&#8221;2\/3&#8243;][vc_column_text]<\/p>\n<h2 class=\"2\">Simone Ochsenk\u00fchn<\/h2>\n<p class=\"GT1\">Man kann sagen: der Franziskusweg hat meinen Lebensweg ver\u00e4ndert! Seit 2008, als ich zusammen mit meinem Mann Anton 14 Tage in Italien pilgern war, bin ich sukzessive ein anderer Mensch geworden. Das passierte nicht gleich von heute auf morgen, nein, es dauerte Jahre und dauert heute noch an.<\/p>\n<p class=\"GT1\">Was hat sich ver\u00e4ndert? Ich traue mir zu, l\u00e4ngere Zeit k\u00f6rperliche Beanspruchung auszuhalten, mich in anderen L\u00e4ndern und Kulturen gut zurecht zu finden. Essgewohnheiten zu nehmen, wie sie sind. Und auch f\u00fcr l\u00e4ngere Zeit in fremden Betten zu schlafen. Meine Komfortzone verlasse ich seit dieser Zeit immer \u00f6fter und ich freue mich darauf, in meinem Leben neue und spannende Dinge, die au\u00dferhalb dieser Komfortbereichs liegen, zu erleben, damit ich Erinnerungen sammle, denn im Alter einmal wird es das sein, was bleibt.<\/p>\n<p class=\"GT1\">Es sind nicht immer gro\u00dfartige Erlebnisse und manchmal ist auch die spektakul\u00e4rste Reise nicht so, wie sie zu sein scheint. Aber trotzdem breche ich gemeinsam mit Anton immer wieder gerne auf!<\/p>\n<p class=\"GT1\">Ich bin Jahrgang 1971 und Grafik-Designerin, Journalistin und Verlegerin. Wer mehr \u00fcber mich erfahren will, der informiert sich auf: www.ochsenkuehn.de<\/p>\n<p>[\/vc_column_text][\/vc_column][\/vc_row][vc_row css=&#8221;.vc_custom_1482137131974{margin-top: 40px !important;}&#8221;][vc_column][vc_text_separator title=&#8221;&#8221; css_animation=&#8221;fadeIn&#8221;][\/vc_column][\/vc_row][vc_row css_animation=&#8221;fadeInRight&#8221; css=&#8221;.vc_custom_1481809701897{margin-top: 24px !important;}&#8221;][vc_column width=&#8221;1\/3&#8243;][vc_gallery type=&#8221;nivo&#8221; interval=&#8221;0&#8243; images=&#8221;5617,5616,5615&#8243; img_size=&#8221;large&#8221; css_animation=&#8221;none&#8221; css=&#8221;.vc_custom_1482137112732{margin-top: 24px !important;}&#8221;][\/vc_column][vc_column width=&#8221;2\/3&#8243;][vc_column_text]<\/p>\n<h2 class=\"2\">Anton Ochsenk\u00fchn<\/h2>\n<p class=\"GT1\">Ganz ehrlich: Ich wollte schon immer mal mit dem Fahrrad nach Samos. In meiner Jugend hatte ich mal den s\u00fc\u00dfen Samos-Wein getrunken und seither wollte ich wissen, wie es dort aussieht, wo dieser so k\u00f6stliche Wein herkommt&#8230;. 2015 habe ich mir mit Simone diesen Traum erf\u00fcllt. Und was soll ich sagen: Die Insel Samos ist wundersch\u00f6n und der Wein schmeckt dort noch viel leckerer als zu Hause.<\/p>\n<p class=\"GT1\">Aber die Radtour 2015 war nicht die einzige Radtour, auf der ich mir W\u00fcnsche erf\u00fcllt habe: 2010 sind wir in 5 Wochen und 2 Stunden nach Istanbul geradelt. Istanbul ist sicher eine der aufregendsten St\u00e4dte der Welt. Anl\u00e4sslich dieser Tour waren wir auch in Albanien&#8230; uff \u2013 das war aufregend..<\/p>\n<p class=\"GT1\">So k\u00f6nnte ich nun viele weitere Erlebnisse schildern, die einmalig waren und mein Leben ver\u00e4ndert haben. Alle Radtouren der letzten Jahre k\u00f6nnen Sie im Bereich &#8220;Radreisen&#8221; nacherleben.<\/p>\n<p class=\"GT1\">Und 2016 haben wir mal etwas ganz anderes gemacht: mit unserem <a href=\"https:\/\/www.leben-atmen.com\/nobby\/\" target=\"_blank\">Haflinger Nobby \u00fcber die Alpen<\/a>. Mann, das war aufregend \u2013 sowohl f\u00fcr das Pferd, als auch f\u00fcr uns und unseren Drahtesel.<\/p>\n<p class=\"GT1\">Und \u00fcbrigens: Ich bin Physiker, P\u00e4dagoge, habe Philosophie studiert und verdiene meine Br\u00f6tchen mit Apple-Produkten. Das alles und mehr, kann man auch hier nachlesen: <a href=\"http:\/\/www.ochsenk\u00fchn.de\/toni.html\" target=\"_blank\">ochsenkuehn.de<\/a><\/p>\n<p>[\/vc_column_text][\/vc_column][\/vc_row][vc_row][vc_column][vc_empty_space height=&#8221;120px&#8221;][\/vc_column][\/vc_row]<\/p>\n<\/div>","protected":false},"excerpt":{"rendered":"<p>[vc_row css_animation=&#8221;fadeInDown&#8221;][vc_column][vc_custom_heading text=&#8221;Wir \u00fcber uns&#8221; font_container=&#8221;tag:h1|font_size:48|text_align:center&#8221; google_fonts=&#8221;font_family:Cinzel%3Aregular%2C700%2C900|font_style:400%20regular%3A400%3Anormal&#8221;][\/vc_column][\/vc_row][vc_row css_animation=&#8221;fadeInLeft&#8221;][vc_column width=&#8221;1\/3&#8243;][vc_gallery type=&#8221;nivo&#8221; interval=&#8221;0&#8243; images=&#8221;5620,5619,5618&#8243; img_size=&#8221;large&#8221; css_animation=&#8221;none&#8221; css=&#8221;.vc_custom_1482137102507{margin-top: 24px !important;}&#8221;][\/vc_column][vc_column width=&#8221;2\/3&#8243;][vc_column_text] Simone Ochsenk\u00fchn Man kann sagen: der Franziskusweg hat meinen Lebensweg ver\u00e4ndert! Seit 2008, als ich zusammen mit meinem Mann Anton 14 Tage in Italien pilgern war, bin ich sukzessive ein anderer Mensch geworden. Das passierte nicht gleich von heute auf morgen, nein, es dauerte Jahre und dauert heute noch an. Was hat sich ver\u00e4ndert? Ich traue mir zu, l\u00e4ngere Zeit k\u00f6rperliche Beanspruchung auszuhalten, mich in anderen L\u00e4ndern und Kulturen gut zurecht zu finden. Essgewohnheiten zu nehmen, wie sie sind. Und auch f\u00fcr &hellip; <a href=\"https:\/\/www.leben-atmen.com\/leben-atmen-wp\/wir-ueber-uns\/\">Continued<\/a><\/p>\n","protected":false},"author":1,"featured_media":0,"parent":0,"menu_order":0,"comment_status":"closed","ping_status":"closed","template":"page-fullwidth.php","meta":{"footnotes":""},"class_list":["post-46","page","type-page","status-publish","hentry"],"_links":{"self":[{"href":"https:\/\/www.leben-atmen.com\/leben-atmen-wp\/wp-json\/wp\/v2\/pages\/46","targetHints":{"allow":["GET"]}}],"collection":[{"href":"https:\/\/www.leben-atmen.com\/leben-atmen-wp\/wp-json\/wp\/v2\/pages"}],"about":[{"href":"https:\/\/www.leben-atmen.com\/leben-atmen-wp\/wp-json\/wp\/v2\/types\/page"}],"author":[{"embeddable":true,"href":"https:\/\/www.leben-atmen.com\/leben-atmen-wp\/wp-json\/wp\/v2\/users\/1"}],"replies":[{"embeddable":true,"href":"https:\/\/www.leben-atmen.com\/leben-atmen-wp\/wp-json\/wp\/v2\/comments?post=46"}],"version-history":[{"count":8,"href":"https:\/\/www.leben-atmen.com\/leben-atmen-wp\/wp-json\/wp\/v2\/pages\/46\/revisions"}],"predecessor-version":[{"id":6378,"href":"https:\/\/www.leben-atmen.com\/leben-atmen-wp\/wp-json\/wp\/v2\/pages\/46\/revisions\/6378"}],"wp:attachment":[{"href":"https:\/\/www.leben-atmen.com\/leben-atmen-wp\/wp-json\/wp\/v2\/media?parent=46"}],"curies":[{"name":"wp","href":"https:\/\/api.w.org\/{rel}","templated":true}]}}