{"id":120,"date":"2015-06-01T13:45:48","date_gmt":"2015-06-01T11:45:48","guid":{"rendered":"https:\/\/www.leben-atmen.com\/izmir\/?page_id=120"},"modified":"2015-06-01T14:13:27","modified_gmt":"2015-06-01T12:13:27","slug":"bildergalerie","status":"publish","type":"page","link":"https:\/\/www.leben-atmen.com\/izmir\/bildergalerie\/","title":{"rendered":"Bildergalerie"},"content":{"rendered":"<p>Die besten Bilder der Reise sind hier \u00fcber die Webseite von <a title=\"amac-buch Verlag: mit der Apple Watch und dem Fahrrad nach Izmir\" href=\"https:\/\/www.flickr.com\/photos\/78563425@N04\/sets\/72157652332932756\" target=\"_blank\">flickr<\/a> f\u00fcr Jedermann zug\u00e4nglich<\/p>\n<p>Wir w\u00fcnschen viel Freude beim Ansehen und Genie\u00dfen.<\/p>\n<p><a title=\"amac-buch Verlag: mit der Apple Watch und dem Fahrrad nach Izmir\" href=\"https:\/\/www.flickr.com\/photos\/78563425@N04\/sets\/72157652332932756\" target=\"_blank\"><img data-recalc-dims=\"1\" decoding=\"async\" class=\"alignnone size-full\" src=\"https:\/\/i0.wp.com\/www.leben-atmen.com\/wp-content\/blogs.dir\/6\/files\/2015\/06\/flickr-logo-2012.png.v1.png?w=584&#038;ssl=1\" alt=\"\" \/><\/a><\/p>\n","protected":false},"excerpt":{"rendered":"<p>Die besten Bilder der Reise sind hier \u00fcber die Webseite von flickr f\u00fcr Jedermann zug\u00e4nglich Wir w\u00fcnschen viel Freude beim Ansehen und Genie\u00dfen.<\/p>\n","protected":false},"author":3,"featured_media":0,"parent":0,"menu_order":0,"comment_status":"open","ping_status":"open","template":"","meta":{"footnotes":""},"class_list":["post-120","page","type-page","status-publish","hentry"],"jetpack_sharing_enabled":true,"_links":{"self":[{"href":"https:\/\/www.leben-atmen.com\/izmir\/wp-json\/wp\/v2\/pages\/120","targetHints":{"allow":["GET"]}}],"collection":[{"href":"https:\/\/www.leben-atmen.com\/izmir\/wp-json\/wp\/v2\/pages"}],"about":[{"href":"https:\/\/www.leben-atmen.com\/izmir\/wp-json\/wp\/v2\/types\/page"}],"author":[{"embeddable":true,"href":"https:\/\/www.leben-atmen.com\/izmir\/wp-json\/wp\/v2\/users\/3"}],"replies":[{"embeddable":true,"href":"https:\/\/www.leben-atmen.com\/izmir\/wp-json\/wp\/v2\/comments?post=120"}],"version-history":[{"count":2,"href":"https:\/\/www.leben-atmen.com\/izmir\/wp-json\/wp\/v2\/pages\/120\/revisions"}],"predecessor-version":[{"id":122,"href":"https:\/\/www.leben-atmen.com\/izmir\/wp-json\/wp\/v2\/pages\/120\/revisions\/122"}],"wp:attachment":[{"href":"https:\/\/www.leben-atmen.com\/izmir\/wp-json\/wp\/v2\/media?parent=120"}],"curies":[{"name":"wp","href":"https:\/\/api.w.org\/{rel}","templated":true}]}}

<p>Die besten Bilder der Reise sind hier über die Webseite von <a title="amac-buch Verlag: mit der Apple Watch und dem Fahrrad nach Izmir" href="https://www.flickr.com/photos/78563425@N04/sets/72157652332932756" target="_blank">flickr</a> für Jedermann zugänglich</p>
<p>Wir wünschen viel Freude beim Ansehen und Genießen.</p>
<p><a title="amac-buch Verlag: mit der Apple Watch und dem Fahrrad nach Izmir" href="https://www.flickr.com/photos/78563425@N04/sets/72157652332932756" target="_blank"><img data-recalc-dims="1" decoding="async" class="alignnone size-full" src="https://i0.wp.com/www.leben-atmen.com/wp-content/blogs.dir/6/files/2015/06/flickr-logo-2012.png.v1.png?w=584&#038;ssl=1" alt="" /></a></p>

<p>Die besten Bilder der Reise sind hier über die Webseite von flickr für Jedermann zugänglich Wir wünschen viel Freude beim Ansehen und Genießen.</p>
